580.
2, 5, 19, 29, 86929
List the prime factors of 499516185.
3, 5, 7, 17, 23
List the prime factors of 569705502.
2, 3, 37, 2566241
List the prime factors of 73680381.
3, 137, 19919
List the prime factors of 81947630.
2, 5, 8194763
List the prime factors of 4810625960.
2, 5, 7, 19, 101, 1279
List the prime factors of 253196698.
2, 19, 37, 101, 1783
List the prime factors of 59806941.
3, 2441, 8167
What are the prime factors of 536654761?
536654761
What are the prime factors of 39608034?
2, 3, 6601339
List the prime factors of 355267901.
18719, 18979
List the prime factors of 45671776.
2, 307, 4649
List the prime factors of 412009074.
2, 3, 23, 113, 8807
What are the prime factors of 3323079809?
7, 137, 3465151
What are the prime factors of 151355585?
5, 30271117
List the prime factors of 975313690.
2, 5, 13, 7502413
What are the prime factors of 159974954?
2, 79987477
List the prime factors of 110914383.
3, 1013, 36497
What are the prime factors of 8124289924?
2, 2423, 838247
What are the prime factors of 220742031?
3, 229, 321313
List the prime factors of 596942988.
2, 3, 19, 1327, 1973
What are the prime factors of 942586716?
2, 3, 78548893
List the prime factors of 2151701892.
2, 3, 19, 941, 3343
What are the prime factors of 53508824?
2, 6688603
What are the prime factors of 711618981?
3, 31, 7651817
What are the prime factors of 64742101?
19, 9439
List the prime factors of 264614309.
229, 331, 3491
List the prime factors of 1678487630.
2, 5, 1063, 157901
What are the prime factors of 3323553?
3, 1107851
What are the prime factors of 153324129?
3, 7, 19, 149, 2579
List the prime factors of 26962268.
2, 487, 13841
What are the prime factors of 30732415?
5, 7, 677, 1297
List the prime factors of 153912157.
7, 4597, 4783
What are the prime factors of 418557457?
607, 689551
List the prime factors of 216543753.
3, 643, 12473
What are the prime factors of 83443153?
8933, 9341
What are the prime factors of 4462413653?
4462413653
List the prime factors of 96392701.
23, 4190987
What are the prime factors of 1041908459?
1041908459
What are the prime factors of 3178423346?
2, 7, 43, 71, 74363
What are the prime factors of 1092456764?
2, 7, 263, 21193
What are the prime factors of 548172024?
2, 3, 67, 340903
List the prime factors of 88188532.
2, 23, 71, 587
What are the prime factors of 97988980?
2, 5, 677, 7237
List the prime factors of 22808316.
2, 3, 367, 5179
What are the prime factors of 24163964?
2, 11, 233, 2357
What are the prime factors of 37888398?
2, 3, 233879
What are the prime factors of 965005774?
2, 4273, 112919
What are the prime factors of 68027472?
2, 3, 17, 59, 157
What are the prime factors of 254233284?
2, 3, 107, 389, 509
What are the prime factors of 71644007?
29, 31, 79693
What are the prime factors of 1544595753?
3, 514865251
What are the prime factors of 955515343?
37, 25824739
What are the prime factors of 113333368?
2, 37, 382883
List the prime factors of 1678795054.
2, 283, 2966069
List the prime factors of 274484286.
2, 3, 277, 55051
What are the prime factors of 144332898?
2, 3, 24055483
List the prime factors of 18673318.
2, 127, 73517
List the prime factors of 1831667780.
2, 5, 4283, 21383
List the prime factors of 2226925102.
2, 1113462551
List the prime factors of 38484809.
11, 199, 17581
List the prime factors of 621114925.
5, 24844597
What are the prime factors of 1357471008?
2, 3, 1217, 1291
List the prime factors of 5214641.
83, 62827
List the prime factors of 228718983.
3, 79, 965059
What are the prime factors of 43978980?
2, 3, 5, 227, 3229
List the prime factors of 1449229876.
2, 29, 12493361
What are the prime factors of 2098016885?
5, 311, 1349207
What are the prime factors of 344009312?
2, 167, 64373
List the prime factors of 1720094.
2, 17, 50591
List the prime factors of 255767054.
2, 127883527
List the prime factors of 4721277508.
2, 97, 179, 67979
List the prime factors of 19729108.
2, 7, 61, 11551
What are the prime factors of 97297172?
2, 7, 3474899
What are the prime factors of 1354279833?
3, 150475537
List the prime factors of 18052769.
7, 23, 112129
List the prime factors of 338216727.
3, 31, 251, 14489
List the prime factors of 45204241.
17, 2659073
List the prime factors of 71278911.
3, 11, 719989
What are the prime factors of 842984580?
2, 3, 5, 14049743
What are the prime factors of 159889254?
2, 3, 7, 543841
What are the prime factors of 8671712?
2, 7, 38713
List the prime factors of 93937319.
7, 811, 16547
What are the prime factors of 2163804135?
3, 5, 1663, 86743
What are the prime factors of 45315864?
2, 3, 11, 29, 1973
List the prime factors of 2865011363.
73, 39246731
List the prime factors of 214764644.
2, 4513, 11897
What are the prime factors of 1111224415?
5, 7, 23, 677, 2039
List the prime factors of 43149684.
2, 3, 19, 189253
List the prime factors of 1698562640.
2, 5, 21232033
What are the prime factors of 5236697709?
3, 331, 195319
List the prime factors of 168767092.
2, 13, 17, 190913
What are the prime factors of 5463371?
1021, 5351
List the prime factors of 52492792.
2, 11, 41, 14549
What are the prime factors of 464592232?
2, 13, 601, 7433
What are the prime factors of 72118223?
72118223
List the prime factors of 875668050.
2, 3, 5, 29, 22367
What are the prime factors of 5156455139?
11, 67, 293, 23879
List the prime factors of 80480555.
5, 157, 102523
List the prime factors of 42247980.
2, 3, 5, 8693
List the prime factors of 147907914.
2, 3, 7, 11, 389, 823
What are the prime factors of 423327516?
2, 3, 2333, 15121
List the prime factors of 118114813.
118114813
List the prime factors of 6407694509.
6407694509
List the prime factors of 87744972.
2, 3, 7, 1044583
What are the prime factors of 5198536221?
3, 5101, 339707
What are the prime factors of 278958367?
31, 8998657
List the prime factors of 4561833706.
2, 31, 1291, 56993
What are the prime factors of 121135096?
2, 113, 133999
What are the prime factors of 36922219?
131, 281849
List the prime factors of 1887168530.
2, 5, 13, 14516681
List the prime factors of 40226193.
3, 7, 212837
List the prime factors of 46072309.
46072309
What are the prime factors of 913600869?
3, 557, 546739
What are the prime factors of 74434771?
449, 165779
List the prime factors of 847632185.
5, 6521, 25997
List the prime factors of 289301002.
2, 17, 37, 41, 71, 79
List the prime factors of 3548919.
3, 11, 41, 43, 61
List the prime factors of 415655850.
2, 3, 5, 2771039
What are the prime factors of 450955421?
7, 293, 219871
What are the prime factors of 106488558?
2, 3, 11, 47, 11443
What are the prime factors of 481603672?
2, 11, 5472769
What are the prime factors of 54874591?
54874591
What are the prime factors of 70673792?
2, 7, 78877
What are the prime factors of 111533675?
5, 11, 405577
List the prime factors of 232441132.
2, 7, 11, 47, 16057
What are the prime factors of 71772866?
2, 11, 3262403
What are the prime factors of 43629785?
5, 107, 81551
List the prime factors of 10089274.
2, 13, 29, 13381
List the prime factors of 6727764140.
2, 5, 199, 1690393
List the prime factors of 426070562.
2, 213035281
What are the prime factors of 73087468?
2, 23, 631, 1259
List the prime factors of 1496144978.
2, 12637, 59197
List the prime factors of 735742159.
735742159
List the prime factors of 813748843.
17, 47867579
What are the prime factors of 318045804?
2, 3, 47, 643, 877
List the prime factors of 814234915.
5, 13, 2341, 5351
List the prime factors of 114319855.
5, 13, 139, 12653
What are the prime factors of 60437304?
2, 3, 683, 1229
List the prime factors of 2202495651.
3, 81573913
List the prime factors of 1096293820.
2, 5, 54814691
List the prime factors of 26103220.
2, 5, 11, 13, 9127
What are the prime factors of 75183655?
5, 151, 99581
What are the prime factors of 351766079?
7, 181, 277637
List the prime factors of 5149867.
5149867
List the prime factors of 95376630.
2, 3, 5, 17, 23, 47, 173
What are the prime factors of 47986494?
2, 3, 7997749
List the prime factors of 5626897115.
5, 7, 29, 61, 12983
What are the prime factors of 197423825?
5, 2239, 3527
List the prime factors of 714534869.
151, 4732019
What are the prime factors of 6740037363?
3, 2246679121
List the prime factors of 58221101.
58221101
List the prime factors 